 the greatest common factor of 21 and w.
7
Let z be 2 - 5/(10/(-4)). Let y(g) = 3*g - 10. Let t be y(z). Calculate the highest common divisor of t and 22.
2
Suppose 3*n = -n - 2*u + 146, 5*u - 113 = -3*n. Calculate the highest common divisor of n and 4.
4
Suppose 0 = 4*s + 13 + 3, -3*w - 5*s + 100 = 0. Let d(n) = 3 - 5 + 0 - 9*n. Let y be d(-2). What is the greatest common divisor of w and y?
8
Let y(n) = -n**2 - 6*n + 5. Let q(m) = 3*m - 3. Let b be q(3). Suppose -4*f - b = -3*f. Let z be y(f). Calculate the highest common divisor of z and 25.
5
Suppose -4*i - z + 275 = -4*z, -4*i + 273 = -z. Calculate the greatest common divisor of 4 and i.
4
Let h = 12 + -10. Suppose k = -h*k + 84. Suppose 1 = r - 4, 2*w + 6 = 4*r. Calculate the greatest common divisor of k and w.
7
Suppose -3*d + 154 = 4*x - 41, 195 = 3*d - 3*x. Let p = d + -39. What is the greatest common factor of p and 13?
13
Let z = -36 + 82. Let b be 6/(-21) + z/14. Suppose -5*u = b*y - 33, 3*y = 8*y - u - 27. What is the greatest common divisor of y and 42?
6
Let d(f) = f**3 - 4*f**2 - 16*f - 5. Let o be d(7). Calculate the greatest common factor of 150 and o.
30
Suppose z - 3*z + 20 = 0. What is the highest common divisor of 40 and z?
10
Let s = -37 - -118. Calculate the greatest common divisor of s and 9.
9
Let m be (-3)/(-6) + (-5)/2 - -26. Calculate the highest common divisor of m and 8.
8
Let d be (16/(-12))/(4/(-6)). Let t be (-2009)/(-14) - (-1)/d. What is the greatest common divisor of t and 16?
16
Let g(i) = -i - 12. Let j be g(-9). Let b be (-126 + 0)/j + 3. Calculate the highest common factor of b and 5.
5
Suppose -5*o - 14 + 74 = 0. Suppose -80 = -o*l + 10*l. What is the greatest common divisor of l and 5?
5
Suppose -10 = -4*a - c, -3*a + 4*c + 0*c - 2 = 0. Let i = -2 - 1. Let q be 8/(-6)*a*i. Calculate the greatest common factor of q and 8.
8
Let u be (-58)/(-6) + 13/39. Calculate the highest common divisor of 50 and u.
10
Suppose -92 = 2*t - 6*t. What is the greatest common divisor of 115 and t?
23
Let a = 18 - 4. Let l = a + -13. What is the greatest common divisor of 10 and l?
1
Let r = 58 - 10. Suppose 4*m - r = -0*m. Suppose 0 = -y + 15 - 3. What is the highest common divisor of m and y?
12
Suppose -8*i = -9*i + 35. What is the highest common factor of 35 and i?
35
Let d(s) = -s**3 - 5*s**2 + 3*s - 7. Let p be d(-6). Let j be (-2)/(8/(-6))*(-5478)/(-249). Calculate the greatest common divisor of p and j.
11
Suppose 0 = 5*z - 3*g + 40 - 161, 3*z - 93 = -5*g. Suppose 2*y - z = -b, 5*b + y = 29 + 74. What is the highest common divisor of 50 and b?
10
Suppose 0 = 3*t - t - 8. Let h be (-70)/t*12/(-7). Suppose 0 = -5*m + h + 50. Calculate the greatest common divisor of m and 4.
4
Suppose 0 = 4*k - 55 - 145. Let v = -34 + k. Let l(h) = 7*h + 4. Let r be l(4). Calculate the highest common divisor of v and r.
16
Let a be -1*(-2)/4*6. Suppose 0 = 2*i - 1 - a. Calculate the highest common factor of 10 and i.
2
Let t = -1 + 4. Let b = t + 0. Let u be (-4)/b*(-567)/18. What is the greatest common factor of u and 21?
21
Let c be 17 - 14 - 1*2. Suppose 6*g - 2*g = 4. What is the greatest common factor of c and g?
1
Let y = -17 + 10. Let p = -2 - y. Let d = 10 - 5. Calculate the highest common factor of p and d.
5
Let g be -2 - -4*(-1 + 3). Calculate the greatest common divisor of 2 and g.
2
Suppose 0 = -4*n + 16 + 24. Let h(f) = f**2 + 8*f + 17. Let c be h(-7). Calculate the highest common factor of n and c.
10
Suppose -7*n + 6 = -10*n. Let v be n + 132 - 2/1. What is the highest common divisor of v and 16?
16
Suppose 5*a - 10 = 10. Suppose 3*r + 2*d = -6 + 92, 3*r - a*d = 116. Let z = -14 + r. What is the highest common divisor of 27 and z?
9
Let a = 259 + -16. Calculate the greatest common factor of a and 9.
9
Let i(n) = -n + 9. Let v be i(4). Suppose 22 = v*p - 23. Let c(m) = -m**3 + 10*m**2 + 2*m - 9. Let a be c(p). Calculate the greatest common factor of a and 9.
9
Suppose 0 = -0*v - v - 17. Let h(t) = -23*t**3 + 2*t**2 + 2*t + 1. Let p be h(-1). Let k = v + p. Calculate the greatest common divisor of k and 7.
7
Suppose -2 + 0 = -2*m. Let f = m - -116. Let j = f - 40. What is the greatest common factor of 11 and j?
11
Let f(o) be the first derivative of o**3/3 + o**2/2 + 16*o - 2. Let d be f(0). Calculate the highest common divisor of 176 and d.
16
Suppose 18 = -g + 4*g. Suppose -o - f + 3 = 0, -g = o - 2*o - 4*f. Suppose r - 4 = -o*q, q + 19 = 3*r - 0*q. What is the greatest common factor of 66 and r?
6
Let w(v) = 18*v - 8. Let d be w(-7). Let l be d/((-12)/3 - -2). Suppose -5 = j, y + y - l = -j. What is the greatest common factor of y and 24?
12
Let i be ((-15)/(-6))/((-2)/(-4)). Let t(s) = i*s**2 + 6*s + 2*s**2 - 2*s**2. Let p be t(-6). What is the highest common divisor of p and 16?
16
Let j(d) = -12*d + 4. Let i be j(-3). Suppose -4*z + 45 + 19 = 0. What is the highest common divisor of z and i?
8
Suppose 4*y - 10 - 14 = -5*r, y - 5*r + 19 = 0. Let j be (y*12 - -1) + -3. Calculate the greatest common factor of 110 and j.
10
Suppose -t + 4 = -11. Calculate the highest common divisor of t and 30.
15
Let u(z) = 2*z**2 - 6*z + 1. Let n = -12 - -17. Let f be u(n). Calculate the greatest common divisor of f and 7.
7
Let f(v) = -46*v + 6. Let k be f(-4). Calculate the highest common divisor of k and 19.
19
Suppose 167 - 34 = s. What is the highest common divisor of 19 and s?
19
Let b be (-3)/(-1) + -19 + 8. Let s be (6/b)/(3/(-36)). Calculate the greatest common factor of 3 and s.
3
Suppose -p + 6*p - 15 = 0. What is the greatest common factor of p and 2?
1
Let i(g) = -3*g - 3. Let m be i(-4). Let a = 60 - 33. Calculate the highest common divisor of m and a.
9
Let h = 10 + -8. Let g(d) = d**2 - 2*d + 2. Let p be g(h). Calculate the greatest common divisor of p and 16.
2
Let b(u) = 8*u**2 - u - 4*u**2 + 0*u**2 - 6 - 2*u**2. Let s = 7 + -2. Let q be b(s). What is the highest common divisor of 13 and q?
13
Suppose -115 = -5*f + 425. Suppose 80 = 4*q + 2*g + 2*g, -4*q + 66 = -3*g. Calculate the greatest common factor of q and f.
18
Let r be 14 - (4/1 + 0). Calculate the highest common factor of 10 and r.
10
Suppose -33 = -3*c + p, -c + 0*p = 5*p - 27. Let o(f) = f**3 - f**2 - 4*f + 2. Let s be o(3). Calculate the greatest common factor of s and c.
4
Suppose -76 = -10*z + 104. What is the highest common factor of z and 54?
18
Let o be 1 + (-92)/(-2) + 1. Suppose 0*c - o = -c. Calculate the highest common factor of c and 8.
8
Let p(v) = v**3 + 6*v**2 - 2*v - 9. Let f be p(-6). Let s = 2 - f. Let w be s/5 + 366/30. What is the highest common factor of 12 and w?
12
Let c(b) = 104*b - 18. Let v be c(5). Let m = -7 + 11. Let y be v/6 + m/12. Calculate the greatest common divisor of 12 and y.
12
Suppose -6*t - 24 = -9*t. Suppose f + 31 = 5*k - 169, 0 = -k - 2*f + 40. What is the greatest common divisor of t and k?
8
Let w(p) = -2*p**3 + 10*p**2 - 10*p - 1. Let m be w(3). What is the greatest common divisor of 1 and m?
1
Let s be (64/(-10))/((-2)/35). What is the greatest common divisor of 28 and s?
28
Let c be 2/(-7) - 212/(-7). Suppose 3*o = -2*z + 34, -48 = -o - 3*o - 4*z. What is the highest common divisor of o and c?
10
Suppose -2 + 10 = 2*q. Suppose w = q*b - 221, -3*w = b - 3 - 36. What is the highest common factor of b and 6?
6
Let c = 56 - 4. Let q(s) = -s**3 - s**2 + s + 13. Suppose -2*n = n. Let g be q(n). What is the highest common divisor of c and g?
13
Let b be (15 + -1)*(-6)/(-7). Suppose a - 8 - 16 = 0. Let i = a - 12. Calculate the greatest common factor of i and b.
12
Suppose -3*z - 222 = -1194. What is the greatest common factor of z and 36?
36
Let y = 19 + -13. What is the greatest common factor of 6 and y?
6
Let j be 8/28 + 272/28. Calculate the greatest common divisor of 90 and j.
10
Suppose 2*x + 3 - 37 = 0. What is the highest common divisor of 68 and x?
17
Suppose 0*r - 5*r = 0. Suppose m - 5*x - 40 = -0*m, r = -3*x - 15. What is the greatest common factor of m and 45?
15
Let h(f) = f + 6. Suppose -x + 0 - 2 = 0. Let b = 2 + x. Let i be h(b). Calculate the highest common divisor of i and 30.
6
Let a be 0 - -3 - (-4)/(-2). Let w = 5 - a. What is the highest common factor of 2 and w?
2
Suppose -j - 103 = 3*q, -3*j = 2*q + 2*j + 47. Let g = q - -53. What is the